j + 33. Let z(f) = -26*f - 89. Let m(i) = -7*v(i) - 2*z(i). What is m(-12)?
-5
Let k(g) = g**3 - 4*g**2 - 7*g + 11. Let t(q) = -2*q**3 + 6*q**2 + 33*q - 20. Let n be t(8). Let z = n + 401. What is k(z)?
1
Let f(y) = -56*y + 323. Let s(t) = t**2 - 67*t + 1126. Let c be s(35). Determine f(c).
-13
Let i(b) = 42*b + 6. Let a(l) = 12*l + 2. Let r(y) = -6*y - 1. Let u(d) = 4*a(d) + 7*r(d). Let q(g) = -2*i(g) + 15*u(g). Calculate q(3).
21
Let k(v) = 2*v**2 - 827 - v + 827 + v**3. Let i(r) = -r**3 - 25*r**2 + r + 23. Suppose -2*u + n - 2*n = 49, n - 1 = 0. Let d be i(u). Determine k(d).
2
Let v(o) = 17*o - 134. Let z(l) = -18*l + 140. Let r(g) = 3*v(g) + 2*z(g). Calculate r(8).
-2
Suppose 0 = 40*h - 38*h - 3*w + 49, 2*h + 46 = 2*w. Let r(b) = 2*b**3 + 41*b**2 + 18*b - 36. Calculate r(h).
4
Let x(l) = 2*l - 6*l - 260 + 143. Let j be x(0). Let a be (2/3)/(26/j). Let h(s) = -s - 4. Give h(a).
-1
Let p(w) = 11*w**2 - 4*w - 14. Let c(n) = 6*n**2 - 2*n - 8. Let m(t) = -9*c(t) + 5*p(t). Calculate m(9).
65
Suppose 3*d + 18 = -3*x, -59*d + 56*d = 4*x + 22. Let n(c) = 5*c**2 + 9*c + 12. Give n(d).
14
Let v(r) = -3 + 1 + 3*r - 3*r - 3*r - 1. Let p = -15 - -23. Suppose -p = -3*s + 1. Determine v(s).
-12
Suppose 3*r - 2*r - 59 = 0. Let w(z) = -5 + r*z - 31*z - 25*z. Give w(4).
7
Let z(d) = 54*d - 6. Let g be z(2). Let k(w) = 103*w + 2 - 12*w**2 - g*w + 11*w**2. Calculate k(2).
0
Let z(c) = c + 0 + 2*c + c + 2 + 2 - c**2. Let a(m) = -3*m + 1 - 7 + 3 - 9. Let b be a(-6). Determine z(b).
-8
Let f be 27/36 + 100/16. Let k(i) = 0 + i**2 + 15 + 0 - f. Calculate k(0).
8
Let l(j) = j**2 - 5*j - 3. Let c(t) = 4*t - 8. Let d = 6 - 1. Let a be c(d). Suppose -a = -4*n + 2*n. Determine l(n).
3
Let z(j) = -6409*j + 0 + 6412*j - 1 - 6. Determine z(1).
-4
Let d(y) be the first derivative of y**4/4 + 7*y**3/3 + y**2/2 - 7*y - 324. Give d(-4).
37
Let z(p) = 2*p - 24. Suppose -3*o + 196 = 11*o. What is z(o)?
4
Let z = -3 + 1. Let s(o) = -3*o**2 + 3*o - 4*o - 532 + 2*o**2 - 2*o + 530. What is s(z)?
0
Suppose 20 + 106 = 2*g. Suppose g = -s + 70. Let b(l) = -1 - 1 - 8 + s + l. Give b(-5).
-8
Let s(k) be the third derivative of 17*k**5/30 - k**4/12 - k**3/6 - 1853*k**2. Give s(-2).
139
Let g(h) = 5 + 6*h + 1 - 4*h - h**3 + 5*h + 4*h**2. Suppose 7*q - 34 = -3*q + 26. Give g(q).
-24
Let x(z) = -z**3 - 7*z**2 - 3*z + 3. Suppose 1293 - 1093 = -50*u. Calculate x(u).
-33
Suppose -3*w + 2*s - 2 = -18, -w + 3*s = -17. Let k(c) = -3 - 5*c + c**3 + 757*c**2 + 1 - 754*c**w - 2. Calculate k(-4).
0
Let l(d) = d**2 - 18*d - 411. Let b be l(31). Let u(z) = z**2 + 13*z + 5. Give u(b).
-35
Suppose 370*t + 1 = -g + 365*t, 0 = 5*g - 2*t - 22. Let k(q) = 5 + 0*q - 2*q + 8*q - q**2. What is k(g)?
13
Let r(w) = w**2 - 3*w. Let m = -11374 + 11383. Calculate r(m).
54
Let o(s) = 4*s - 10. Suppose 240 - 238 = 2*a. Let t be ((-3)/(-5 - -8))/(a/(-6)). Give o(t).
14
Let u(g) = -5*g**3 + 14*g**2 + 54*g - 14. Let o(i) = -i**3 + 2*i**2 + 13*i. Let w(q) = -4*o(q) + u(q). Give w(6).
-2
Let r(z) = 3*z + 1. Let v(x) = x. Let k(s) = -s**2 + 7*s - 5. Let t be k(6). Let o(j) = t*r(j) + 3*v(j). Let q(h) = 12*h - 313. Let w be q(26). What is o(w)?
-5
Let b(o) be the first derivative of -4*o**3/3 + o**2/2 + o + 39. Suppose -1 = -3*w - 7, 18 = 4*k + w. Suppose -k = -3*g + 8*g. Determine b(g).
-4
Let l(i) be the first derivative of i**2 - 75*i + 6092. Determine l(33).
-9
Let j(r) = -10*r + 320. Suppose -30*t - 15 - 200 + 1235 = 0. Calculate j(t).
-20
Let c(j) be the first derivative of -5*j**2/2 - 2. Suppose 0 = -4*p - 6 + 22. Suppose 5*a - 17 = -2, 0 = 3*z + p*a - 6. Calculate c(z).
10
Let d(q) = 2*q**2 - 22*q - 54. Let p(n) = -n**2 + 11*n + 21. Let v(l) = -2*d(l) - 5*p(l). Suppose 2*c = 4*c + i - 22, -5*c - 5*i = -60. Determine v(c).
-7
Let h = -20 + 88. Let l = h - 75. Let k(x) = -5*x - 3. Calculate k(l).
32
Let v(m) be the second derivative of m**6/180 - 7*m**5/60 - m**4/3 - 2*m**3/3 - m**2/2 + 63*m. Let a(k) be the second derivative of v(k). Calculate a(7).
-8
Let x(j) = 7*j + 6. Suppose -17*v + 18 + 50 = 0. Suppose 0 = v*z + 39 - 19. Give x(z).
-29
Let k be ((2 - 2)/1)/2. Suppose 22 = -4*p + o, k = p - 3*p + 5*o - 2. Let q(y) = 17*y + 346. Let n(r) = -5*r - 99. Let j(m) = -7*n(m) - 2*q(m). What is j(p)?
-5
Let o(v) = -v + 2. Let j be o(3). Let k(t) = 10*t - 3. Let y(n) = n - 1. Let p(c) = j*k(c) + 2*y(c). Give p(-1).
9
Let h(l) be the second derivative of -l**4/12 - 2*l**3/3 + 7*l**2/2 - 3*l. Suppose -22 = -3*u - 7. Suppose -u*z - 10 = 3*q, 6*q = 2*q - 3*z - 17. What is h(q)?
2
Let z(v) = 58*v + v**2 - 3*v - 4*v - 23*v. Give z(-28).
0
Let n(y) = -28 - 21 + 52 - 12*y**2 + 11*y**2. Determine n(-3).
-6
Let z(n) = -7*n - 2. Let x be z(-1). Let b be (-3)/(-7 - 1 - -5). Let l(g) = -3*g + 11. Let m(y) = -1. Let o(j) = b*l(j) + 5*m(j). Calculate o(x).
-9
Suppose 0 + 24 = 3*j. Let t(g) = -21*g**2 - 39*g**2 - 8*g - 28*g**2 + 89*g**2 - 2. Calculate t(j).
-2
Let s(p) = p**2 - 8*p - 8. Suppose 0 = 5*z - 0*z - 140. Suppose r = 4*l + 20, -4*l = -2*r + 3*r - z. Suppose n - r = -14. Determine s(n).
12
Let p(b) = 11*b + 10. Suppose -2*r = 4*o - 26, 0 = r + r - 2. Let q(a) = 35*a + 33. Let v(i) = o*q(i) - 19*p(i). Give v(3).
11
Let q(x) = x**2 - 14*x - 21. Let a be q(16). Let c(h) be the first derivative of h**4/4 - 10*h**3/3 - 5*h**2 - 12*h - 4393. Calculate c(a).
-1
Let y(n) = 23*n. Let f(s) = 23*s**2 + 8*s - 27. Let q be f(3). Let u = -205 + q. Calculate y(u).
-23
Let f = 80 + -77. Let h(p) = -3*p + p - f*p. Suppose -3 - 2 = -2*q - d, -3*d = -4*q + 15. Give h(q).
-15
Let j = 64 - 15. Suppose 0 = -43*b + j*b + 54. Let q(l) = -l**2 - 7*l + 2. Give q(b).
-16
Let m(n) = -n**3 + 3*n**2 - 4*n. Let z(u) = -5*u**2 - 8*u + 50. Let p be z(8). Let c = -331 - p. Determine m(c).
-12
Suppose -3 = -18*j + 51. Let d(h) = -j + 10*h - 8*h**2 + 3*h**2 + 6*h**2 + 9. Calculate d(-8).
-10
Suppose -4*y = -4*f - 36, -3*y + 7*f + 17 = 6*f. Let d(u) = 12*u + 61 - 15*u - 60 + y*u. Let v = 2 + -2. Give d(v).
1
Let c(g) = -g**3 + 4*g**2 + 4*g + 7. Let i be 4/4*(2 - 3). Let z be 10*i*((-15)/(-10) - 2). Determine c(z).
2
Let b = -528 - -531. Suppose -4*q = q + 10, 2*f + b*q = -8. Let m(r) = -9*r**2 + 2*r + 1. Determine m(f).
-10
Let k(o) = 483*o + 0*o**2 + 478*o - 10 - 1439*o - o**2 + 479*o. Give k(-8).
-82
Suppose -103*s + 21 = -96*s. Let t(p) = -6*p. Let v(u) = 20*u + 15. Let a(m) = s*t(m) + v(m). What is a(-12)?
-9
Let r(g) = -5*g + 1314 - 1300 + 4*g. Calculate r(8).
6
Let g(n) = 2*n**2 + 6*n + 2. Let k be (-4)/(-6)*(-78)/(-13). Let z be -15*(k - (-84)/(-18)). Suppose -44 = z*r + r. Give g(r).
10
Let x(f) = -f**3 + 2*f**2 + 38*f + 12. Suppose -4*s + 5*d = 0, 3*s = -55*d + 58*d - 3. Determine x(s).
-3
Suppose 3*t + 20 = 83. Suppose -2*l + 3*b = 3*l - t, l - 2*b = 0. Let i(v) = -65*v**2 - 6 - 18*v**3 + 7*v - 28*v**3 - 23*v**3 + 70*v**3 + 58*v**2. Give i(l).
0
Let g = -11 + 11. Let c be 2 - (-2)/6*(3 - g). Let b(a) = -2 - 2*a**2 + 88*a + 3*a**2 - 87*a. Give b(c).
10
Let a(i) = i**3 - 12*i**2 + 14. Let t be (1400/(-112))/(1/(-2)). Let o = t + -13. Determine a(o).
14
Let y(m) = -m + 15. Let o(u) = -1 + 1 - u**3 + 21*u - 14*u + 4. Let d be o(-3). Determine y(d).
5
Let v(a) = 23. Let z(q) = -8*q - 151. Let f(i) = 6*v(i) + z(i). Give f(-3).
11
Suppose -979 = -95*v + 374 + 1212. Let o(j) be the second derivative of -v*j + 0 - 1/12*j**4 - 1/2*j**3 + 3/2*j**2. Give o(-3).
3
Suppose 2*y - 11 = u, -2*y - 9 = -3*y - 3*u. Let p be (45/60)/(y/16). Let a(o) = o**2. Determine a(p).
4
Suppose -5*d = -178 + 1293. Let s = 229 + d. Let q(m) = -m**3 + 5*m**2 + 8*m - 8. What is q(s)?
4
Suppose 3*u - 8*u = 3*w - 10, 5*u - 10 = 3*w. Let p(g) = -2 + 2 + g**3 - 17*g + 7*g + u + 4*g**2 + 14*g. What is p(-4)?
-14
Let h(v) = -4*v + 6 + 0*v**2 + 6*v**2 - 5*v**2. Let c be (1/2)/((-21)/(-1008)). Let j = -19 + c. Determine h(j).
11
Suppose -71*c + 33 = -1103. Let s(j) = 4*j**2 - 64*j. Determine s(c).
0
Let n(s) = -72*s + 2 - 35*s - 71*s - 7*s + 92*s. Determine n(1).
-91
Let v(j) = -4 - 10*j - 13*j + 28*j + 6. Let y(n) = -6*n - 2. Let q(h) = -5*v(h) - 4*y(h). What is q(-5)?
3
Let b(g) be the third derivative of g**5/60 + g**4/4 + g**3 + 2*g**2. Let w = -8 + 14. Suppose 0 = -3*j - h - 18, 34 = j - w*j - 3*h. Give b(j).
1
Suppose 5*l + 2297 = -j + 5*j, l - 2315 = -4*j. Let g = j + -576. Let r(v) = v